{"id":205,"date":"2021-07-12T01:03:33","date_gmt":"2021-07-12T06:03:33","guid":{"rendered":"https:\/\/hypermedcancun.com\/?page_id=205"},"modified":"2021-07-12T01:05:19","modified_gmt":"2021-07-12T06:05:19","slug":"bienvenido","status":"publish","type":"page","link":"https:\/\/hypermedcancun.com\/index.php\/bienvenido\/","title":{"rendered":""},"content":{"rendered":"\n<figure class=\"wp-block-image size-large\"><img decoding=\"async\" src=\"https:\/\/hypermedcancun.com\/wp-content\/uploads\/slider2\/slider_hypermed_01-1024x378.jpeg\" alt=\"\" class=\"wp-image-141\"\/><\/figure>\n\n\n\n<hr class=\"wp-block-separator is-style-wide\"\/>\n\n\n\n<h2 class=\"has-text-align-center wp-block-heading\">\u00bfEn que podemos ayudarle?<\/h2>\n\n\n\n<p class=\"has-text-align-center\">Gracias por su inter\u00e9s en nuestros servicios, esperamos brindarle la atenci\u00f3n que requiere a trav\u00e9s de nuestros distintos canales de comunicaci\u00f3n. Si\u00e9ntase con la confianza de navegar en nuestro sitio por medio del men\u00fa de opciones o si lo prefiere comun\u00edquese con nosotros marcando al tel\u00e9fono <a href=\"tel:529988845045\">99 88 845045<\/a> o haciendo clic directamente en el n\u00famero.<\/p>\n","protected":false},"excerpt":{"rendered":"<p>\u00bfEn que podemos ayudarle? Gracias por su inter\u00e9s en nuestros servicios, esperamos brindarle la atenci\u00f3n que requiere a trav\u00e9s de nuestros distintos canales de comunicaci\u00f3n. Si\u00e9ntase con la confianza de &hellip;<\/p>\n","protected":false},"author":4,"featured_media":0,"parent":0,"menu_order":0,"comment_status":"closed","ping_status":"closed","template":"","meta":{"_monsterinsights_skip_tracking":false,"_monsterinsights_sitenote_active":false,"_monsterinsights_sitenote_note":"","_monsterinsights_sitenote_category":0,"footnotes":""},"class_list":["post-205","page","type-page","status-publish","hentry"],"aioseo_notices":[],"_links":{"self":[{"href":"https:\/\/hypermedcancun.com\/index.php\/wp-json\/wp\/v2\/pages\/205","targetHints":{"allow":["GET"]}}],"collection":[{"href":"https:\/\/hypermedcancun.com\/index.php\/wp-json\/wp\/v2\/pages"}],"about":[{"href":"https:\/\/hypermedcancun.com\/index.php\/wp-json\/wp\/v2\/types\/page"}],"author":[{"embeddable":true,"href":"https:\/\/hypermedcancun.com\/index.php\/wp-json\/wp\/v2\/users\/4"}],"replies":[{"embeddable":true,"href":"https:\/\/hypermedcancun.com\/index.php\/wp-json\/wp\/v2\/comments?post=205"}],"version-history":[{"count":6,"href":"https:\/\/hypermedcancun.com\/index.php\/wp-json\/wp\/v2\/pages\/205\/revisions"}],"predecessor-version":[{"id":212,"href":"https:\/\/hypermedcancun.com\/index.php\/wp-json\/wp\/v2\/pages\/205\/revisions\/212"}],"wp:attachment":[{"href":"https:\/\/hypermedcancun.com\/index.php\/wp-json\/wp\/v2\/media?parent=205"}],"curies":[{"name":"wp","href":"https:\/\/api.w.org\/{rel}","templated":true}]}}