{"id":15,"date":"2021-06-01T03:05:05","date_gmt":"2021-06-01T03:05:05","guid":{"rendered":"https:\/\/hypermedcancun.com\/?page_id=15"},"modified":"2021-07-08T14:23:57","modified_gmt":"2021-07-08T19:23:57","slug":"servicios","status":"publish","type":"page","link":"https:\/\/hypermedcancun.com\/index.php\/servicios\/","title":{"rendered":"Servicios"},"content":{"rendered":"\n<figure class=\"wp-block-image size-large\"><img loading=\"lazy\" decoding=\"async\" width=\"1024\" height=\"576\" src=\"https:\/\/hypermedcancun.com\/wp-content\/uploads\/2021\/06\/HyperMed__210603_2226-1024x576.jpg\" alt=\"\" class=\"wp-image-84\" srcset=\"https:\/\/hypermedcancun.com\/wp-content\/uploads\/2021\/06\/HyperMed__210603_2226-1024x576.jpg 1024w, https:\/\/hypermedcancun.com\/wp-content\/uploads\/2021\/06\/HyperMed__210603_2226-300x169.jpg 300w, https:\/\/hypermedcancun.com\/wp-content\/uploads\/2021\/06\/HyperMed__210603_2226-768x432.jpg 768w, https:\/\/hypermedcancun.com\/wp-content\/uploads\/2021\/06\/HyperMed__210603_2226-1536x864.jpg 1536w, https:\/\/hypermedcancun.com\/wp-content\/uploads\/2021\/06\/HyperMed__210603_2226-356x200.jpg 356w, https:\/\/hypermedcancun.com\/wp-content\/uploads\/2021\/06\/HyperMed__210603_2226.jpg 1920w\" sizes=\"auto, (max-width: 1024px) 100vw, 1024px\" \/><\/figure>\n\n\n\n<p>Brindamos un trato personalizado a cada paciente con toda clase de informaci\u00f3n relacionada a su padecimiento y la oxigenaci\u00f3n hiperb\u00e1rica. Los llevamos paso a paso en todos los procesos a seguir as\u00ed como en el cuidado requerido para el propio paciente y sus familiares. Contamos con un \u00e1rea especial para que los familiares o amigos descansen c\u00f3modamente en una sala designada para ello, pudiendo descansar, ver televisi\u00f3n o simplemente hacer de su estancia mas confortable.<\/p>\n\n\n\n<div class=\"wp-block-columns is-layout-flex wp-container-core-columns-is-layout-9d6595d7 wp-block-columns-is-layout-flex\">\n<div class=\"wp-block-column is-layout-flow wp-block-column-is-layout-flow\">\n<figure class=\"wp-block-image size-large\"><img loading=\"lazy\" decoding=\"async\" width=\"1024\" height=\"683\" src=\"https:\/\/hypermedcancun.com\/wp-content\/uploads\/2021\/06\/HyperMed__210603_2276-1-1024x683.jpg\" alt=\"Control de mando\" class=\"wp-image-136\" srcset=\"https:\/\/hypermedcancun.com\/wp-content\/uploads\/2021\/06\/HyperMed__210603_2276-1-1024x683.jpg 1024w, https:\/\/hypermedcancun.com\/wp-content\/uploads\/2021\/06\/HyperMed__210603_2276-1-300x200.jpg 300w, https:\/\/hypermedcancun.com\/wp-content\/uploads\/2021\/06\/HyperMed__210603_2276-1-768x512.jpg 768w, https:\/\/hypermedcancun.com\/wp-content\/uploads\/2021\/06\/HyperMed__210603_2276-1-1536x1024.jpg 1536w, https:\/\/hypermedcancun.com\/wp-content\/uploads\/2021\/06\/HyperMed__210603_2276-1.jpg 2048w\" sizes=\"auto, (max-width: 1024px) 100vw, 1024px\" \/><figcaption>Contamos con un monitoreo constante de las condiciones internas de nuestra c\u00e1mara hiperb\u00e1rica como de nuestros pacientes, tanto por instrumentos certificados como por circuito cerrado de video.<\/figcaption><\/figure>\n<\/div>\n\n\n\n<div class=\"wp-block-column is-layout-flow wp-block-column-is-layout-flow\">\n<figure class=\"wp-block-image size-large\"><img loading=\"lazy\" decoding=\"async\" width=\"1606\" height=\"1072\" src=\"https:\/\/hypermedcancun.com\/wp-content\/uploads\/2021\/07\/IMG_2802-edited.jpg\" alt=\"\" class=\"wp-image-203\" srcset=\"https:\/\/hypermedcancun.com\/wp-content\/uploads\/2021\/07\/IMG_2802-edited.jpg 1606w, https:\/\/hypermedcancun.com\/wp-content\/uploads\/2021\/07\/IMG_2802-edited-300x200.jpg 300w, https:\/\/hypermedcancun.com\/wp-content\/uploads\/2021\/07\/IMG_2802-edited-1024x684.jpg 1024w, https:\/\/hypermedcancun.com\/wp-content\/uploads\/2021\/07\/IMG_2802-edited-768x513.jpg 768w, https:\/\/hypermedcancun.com\/wp-content\/uploads\/2021\/07\/IMG_2802-edited-1536x1025.jpg 1536w\" sizes=\"auto, (max-width: 1606px) 100vw, 1606px\" \/><figcaption>Vista interna durante el tratamiento de nuestros pacientes dentro de la c\u00e1mara hiperb\u00e1rica a trav\u00e9s de las c\u00e1maras de video de circuito cerrado.<\/figcaption><\/figure>\n<\/div>\n<\/div>\n\n\n\n<p><\/p>\n","protected":false},"excerpt":{"rendered":"<p>Brindamos un trato personalizado a cada paciente con toda clase de informaci\u00f3n relacionada a su padecimiento y la oxigenaci\u00f3n hiperb\u00e1rica. Los llevamos paso a paso en todos los procesos a &hellip;<\/p>\n","protected":false},"author":4,"featured_media":0,"parent":0,"menu_order":0,"comment_status":"closed","ping_status":"closed","template":"","meta":{"_monsterinsights_skip_tracking":false,"_monsterinsights_sitenote_active":false,"_monsterinsights_sitenote_note":"","_monsterinsights_sitenote_category":0,"footnotes":""},"class_list":["post-15","page","type-page","status-publish","hentry"],"aioseo_notices":[],"_links":{"self":[{"href":"https:\/\/hypermedcancun.com\/index.php\/wp-json\/wp\/v2\/pages\/15","targetHints":{"allow":["GET"]}}],"collection":[{"href":"https:\/\/hypermedcancun.com\/index.php\/wp-json\/wp\/v2\/pages"}],"about":[{"href":"https:\/\/hypermedcancun.com\/index.php\/wp-json\/wp\/v2\/types\/page"}],"author":[{"embeddable":true,"href":"https:\/\/hypermedcancun.com\/index.php\/wp-json\/wp\/v2\/users\/4"}],"replies":[{"embeddable":true,"href":"https:\/\/hypermedcancun.com\/index.php\/wp-json\/wp\/v2\/comments?post=15"}],"version-history":[{"count":6,"href":"https:\/\/hypermedcancun.com\/index.php\/wp-json\/wp\/v2\/pages\/15\/revisions"}],"predecessor-version":[{"id":204,"href":"https:\/\/hypermedcancun.com\/index.php\/wp-json\/wp\/v2\/pages\/15\/revisions\/204"}],"wp:attachment":[{"href":"https:\/\/hypermedcancun.com\/index.php\/wp-json\/wp\/v2\/media?parent=15"}],"curies":[{"name":"wp","href":"https:\/\/api.w.org\/{rel}","templated":true}]}}